e first derivative of -1/6*n**3 + 3 - 1/12*n**4 + 7/2*n**2 - 2*n. Let x(l) be the first derivative of z(l). What is x(0)?
7
Let c = 28 - 31. Let d(j) = -4*j**3 + 6*j**2 + 8*j + 7. Let l(w) = 3*w**3 - 6*w**2 - 8*w - 6. Let r(s) = c*l(s) - 2*d(s). Determine r(7).
11
Let b(v) = v**3 - 2*v**2 + v - 1. Let u(h) = -4*h**3 - 3*h**2 - 9*h + 9. Let a(z) = -3*b(z) - u(z). What is a(-8)?
10
Suppose -25*f - 5 = -26*f. Let i(d) = -10 - 3*d + f*d + 4. What is i(-6)?
-18
Suppose 5*s + 58 = -12. Let f = s + 11. Let o = f + 7. Let c(x) = -x**2 + 6*x - 6. Give c(o).
2
Suppose -5*a - 4*p - 6 = 0, 3*p - 21 = 4*a - 10. Let x(i) = 17*i - 2. Determine x(a).
-36
Let s(n) = 4*n - 6. Let d(x) = 6*x - 8. Let k(u) = -3*d(u) + 4*s(u). Suppose -2*c - c = 2*a - 18, a + 2*c = 11. Let h be 3/(1/((-4)/a)). Calculate k(h).
8
Let q(y) = 14*y**2 - 2*y + 1. Let w be q(1). Suppose w = -3*l + 19. Suppose -l*v = 4*a + 10, -5*a = -8*a + 5*v - 40. Let s(f) = 2*f + 6. Calculate s(a).
-4
Let q(x) = -10*x. Let h(f) = -3*f. Suppose 1 + 10 = 2*b - 5*p, -5*b - 2*p = 45. Let r(o) = b*h(o) + 2*q(o). Suppose -15 - 1 = 4*j. Determine r(j).
-4
Suppose 5*o = s + 4*o + 2, 8 = 2*s + 2*o. Let j(r) = -r - 6*r + 3*r. Determine j(s).
-4
Let n(o) = 4*o**2 + 6*o - 1. Let h(r) = -9*r**2 - 13*r + 3. Let s(x) = -3*h(x) - 7*n(x). Suppose 5*c + 3*j = -1, -5*c + 10 - 32 = -4*j. Give s(c).
0
Suppose 5*x + 4*r = 25, 0*r = -5*r - 25. Suppose -60 = -28*f + 23*f. Let q = f - x. Let u(z) = z**2 - 5*z + 4. Calculate u(q).
-2
Let h(i) = -1. Let s(n) = 9*n + 7. Let r(k) = 6*h(k) + s(k). Let q = -232 - -231. Calculate r(q).
-8
Let s(i) be the first derivative of i**4/4 + 7*i**3/3 - 2*i**2 - 10*i + 73. Determine s(-7).
18
Let u(z) = 4*z + z - 4*z - 2 + 1. Suppose k + d + 2 = 0, 1 = -4*k - d - 4. Let t be (-4 - k) + 10/1. Determine u(t).
6
Suppose -8*u - 667 + 51 = 0. Let m = -76 - u. Let f(p) = 5*p - 1. What is f(m)?
4
Let a(x) = -x**3 - x**2 + 22. Suppose -6*i - 100 + 442 = 0. Let d = 57 - i. Determine a(d).
22
Let n(z) = z**3 - 6*z**2 + 4*z + 7. Suppose 0 = -14*g - 29 - 27. Let a be (-13)/(-2) - (4 - (-10)/g). What is n(a)?
2
Let m be 2/4 - (-28)/8. Suppose 3*q - m = 2. Let u(v) = -3*v**3 + 3 + 0*v**3 + 4*v**3 + 0*v**3 + v**q. What is u(0)?
3
Let f(p) = 4*p - 11*p - 3*p + 5*p - 7*p**3 + 2*p**2 + 3*p + 1. Suppose -3*s - 5*g + 10 = 2*s, 0 = 2*s + 5*g - 7. Determine f(s).
-6
Let g(a) = a**3 + 6*a**2 + 5*a + 5. Suppose c = -3*f - 6, -2*c + 0 = f + 2. Let w be (17 - f) + 4 + -3. Suppose -j + 5*j + w = 0. Calculate g(j).
5
Let l = -59 + 68. Let d(m) = -l + 4*m - 6*m + 9. Calculate d(-1).
2
Let v(o) = -5*o - 34*o**2 + 13*o**2 + 9*o**2 + 8 + 11*o**2. Let s = -16 + 9. Calculate v(s).
-6
Let f = -5 - -2. Suppose -o - 4*c + 8 = 3, 2*o + 3*c = 20. Let q(i) = 27 - o - 17 - i. Give q(f).
0
Let k(j) = -49*j**3 + 50*j**3 + 19*j - 5 + 11*j - 21*j + 11*j**2. Determine k(-10).
5
Let i(q) be the third derivative of -q**6/360 - q**5/120 - 13*q**4/24 + 3*q**3/2 + 5*q**2. Let y(m) be the first derivative of i(m). Determine y(0).
-13
Let x(d) = d**3 + 9*d - 7 + 3*d - 3*d - 8*d**2. Let h(z) = -524*z - 4186. Let m be h(-8). Give x(m).
-25
Suppose 5*z = 2*c + 19, c + 6 = -4*z + 3. Let r(y) be the third derivative of y**5/60 + y**4/4 - y**3/3 - 165*y**2. Give r(c).
5
Let v(n) = n**2 - 94 + 20*n + 0*n**2 + 96. Let d be v(-20). Let p(h) = -9*h + 2. Let q(z) = 26*z - 5. Let w(t) = -11*p(t) - 4*q(t). Give w(d).
-12
Let h(f) be the third derivative of -f**4/6 + 274*f**2. Give h(6).
-24
Let m(b) = b. Let y be (-8)/6 - 115/15. Let v(z) = 4*z - 1. Let l(f) = y*m(f) + 2*v(f). Determine l(0).
-2
Let d(c) = -c**3 + 2*c**2 - 2*c + 4. Let w(q) = q**3 - 2*q**2 + 3*q - 5. Let r(x) = -6*d(x) - 5*w(x). Calculate r(3).
1
Let f(a) = a**3 + 6*a**2 + 3*a - 4. Let t = 26 - 18. Let k be (t/(-10))/(4/10). Let c be k/((6/(-4))/(-3)). What is f(c)?
16
Let m(a) = -a**2 + 3*a - 2. Let f = 90 + -80. Suppose f*n = 14*n - 8. Determine m(n).
0
Let x(y) = -14*y + 37650*y**2 + 3*y - 13 - 37651*y**2. Determine x(-4).
15
Let v(u) = 489*u**2 + 0 - 490*u**2 - 3 + 8*u. Calculate v(6).
9
Let x(i) = -7 - 65*i**3 - 10*i**2 + 64*i**3 - 3. Calculate x(-10).
-10
Let z(s) be the second derivative of s**5/20 - s**4/2 - 7*s**3/6 + 2*s. Let b = -13 + 32. Suppose r = -4*l - 6 - 3, 3*l + b = r. Give z(r).
0
Suppose 4*k = -4*s + 88, -2*s - s = 2*k - 64. Suppose 4*y - 3*a = s, -1 + 3 = -5*y - 3*a. Suppose n + y = -4. Let v(o) = o + 10. What is v(n)?
4
Let o be (-2 + 0)/((-4)/74). Suppose 0 = -5*y - 4*k - o, -7*k = -2*k + 15. Let z(a) = 3131*a - 3137*a - 6*a**2 - 5*a**3 + 4*a**3. Give z(y).
5
Let b(i) = 2*i**3 - 3*i**2 - 8*i - 7. Let d(o) = o**3 + o**2 - 1. Let j(w) = -b(w) + 3*d(w). Calculate j(-5).
-11
Let y(b) = b**2 + 12*b + 20. Let c be y(-11). Let o(i) be the third derivative of -i**4/24 + 11*i**3/6 - 13*i**2. Give o(c).
2
Let w(u) = u**2 - 5*u - 2. Suppose -4 = 6*h - 22. Let g be (1 + -4)/h*-4. Determine w(g).
-6
Let s be (5/10)/(2/48*3). Let n(r) = 6 - s*r - 5*r + 10*r. Give n(0).
6
Let s(q) = q**2 + 13*q + 30. Suppose 38*u + 464 = -20*u. What is s(u)?
-10
Let x(a) = 1879348*a - 1879344*a + 0*a**3 - a**3 - 3. Give x(4).
-51
Let h(w) = 4*w - 5. Let t = 510 - 505. What is h(t)?
15
Let n = 7 + -4. Let s(h) be the second derivative of h**3/2 - 2*h**2 + 10*h. Determine s(n).
5
Let l(x) = 27*x - 87. Let f be l(3). Let q(v) = -v**3 - 7*v**2 - 3*v + 13. Give q(f).
-5
Let g(x) = 2*x + 16. Let a be 1/16 - (-12543)/(-1776). Determine g(a).
2
Let k(d) = -1 - 48*d + 19*d + 25*d. Let r be k(-1). Suppose -v = -3*l - 0*v + 13, 3*v = -r*l - 3. Let i(c) = c**2 - 4*c + 2. What is i(l)?
-1
Let x be (-1)/(((-4)/(-16))/(70/(-40))). Let a(p) be the second derivative of 0 - 1/6*p**3 + x*p + 4*p**2. Calculate a(8).
0
Let k(j) = -6*j**2 - j - 60. Let b(x) = x**2 + 12. Let v(z) = -11*b(z) - 2*k(z). Give v(4).
12
Let p(f) = -3 + 0 + 13*f**2 + 7 - 2*f - 2. Give p(1).
13
Let s(m) = 0 - 10*m - 2 + 11*m - 7 + m. Determine s(-7).
-23
Let o(y) = -y + 0*y**2 + 5 - y**2 - 5*y**3 - 5. Let q = 289 + -290. Give o(q).
5
Let c(j) be the second derivative of -j**4/6 - j**3/3 - j**2/2 - 74*j. What is c(2)?
-13
Let t(l) be the third derivative of l**5/60 + l**4/8 + l**3/2 - l**2 + 45. Determine t(-2).
1
Suppose -3*u + 6*u = -21. Let z = 12 + u. Let w(a) = z - 13 + 2*a + 1. Calculate w(5).
3
Let v(r) = -r**3 + 5*r**2 + 7*r - 6. Let h(x) = -4*x - 2. Let f be h(-1). Suppose 43 = -5*t - f. Let d = 15 + t. Calculate v(d).
0
Suppose 2*v = 2, -5*q + 13 + 1 = 4*v. Suppose q*w = 4, 0*y + y - 3*w = -4. Let m(u) = -u + 10*u - 7*u - 3 + y. Determine m(6).
11
Suppose 0 = -4*i + 12, 4*v + 0 + 18 = 2*i. Let b(k) = k**2 + 4*k + 9. Let q(r) = 3*r**2 + 12*r + 26. Let s(x) = -17*b(x) + 6*q(x). Give s(v).
0
Let t = 8 - 6. Suppose t*k + 3*k = 5*d - 15, 4*k = d. Suppose d - 8 = 4*l. Let w(z) = -5*z**3 + z**2 - z - 1. What is w(l)?
6
Let c(z) be the third derivative of 0*z - 3*z**2 + 0 + 0*z**4 + 1/60*z**5 - 2/3*z**3. Suppose -47*a - 1 + 1 = 0. Give c(a).
-4
Let i(a) = -766*a - 8 + 383*a + 384*a. Determine i(-3).
-11
Let j(r) = r**3 - 6*r**2 - 2*r + 5. Suppose -3*w - 3 = -3*c - 12, 3*w + 4*c = 16. Suppose 0 = 45*m - 46*m + 18. Suppose m = -f + w*f. What is j(f)?
-7
Let r(z) = -6*z**2 - z. Let a = -10 + 12. Suppose a*p + 3 = t, p + 23 - 2 = 2*t. Suppose -3*b - t = 4*n, -2*n + 0*n + 5*b + 13 = 0. Determine r(n).
-5
Suppose 26 = -4*k - 5*s - 8, k - 4 = 5*s. Let q(v) = -v**3 - 5*v**2 - v - 8. Determine q(k).
34
Let l(j) = -2*j - 9. Let s(u) = u - 5. Let r be s(-3). Let c be ((-36)/r + (-4 - -1))*-4. Calculate l(c).
3
Let c(z) = 110*z + 2 - 1 - 225*z + 110*z. Suppose 2*o + 9 = 3*l, -3*l + 6*o + 6 = 5*o. Determine c(l).
-4
Let a(y) = -y**2 - y - 10. Let n(f) = f**2 + 2*f + 9. Let z(v) = -5*a(v) - 6*n(v). Give z(-6).
2
Suppose -7 - 3 = o. Let w = o + 4. Let h(s) be the first derivative of s**2/2 + 8*s + 18. Give h(w).
2
Let x(z) = z - 1. Let b(y) = -6 - 2*y + 14*y + y. Let o(c) = -b(c) + 5*x(c). Suppose 37*h - 3 = 34. Determine o(h).
-7
Let b(t) = -5*t**2 + 3*t. Let z(w) = 14*w**2 - 6*w + 1. Let d(a) = 11*b(a) + 4*z(a). Determine d(-7).
-10
Suppose -3 = -u - 5. Let d(a) be the third derivative of 0 + 0*a + 1/30*a**5 - 1/120*a**6 + 1/8*a**4 + 1/3*a**3 + a**2. What is d(u)?
12
Let d = -1173 + 1173. Let a(n) = -n**3 - 4*n - 6. Calculate a(d).
-6
Let f(t) = -t**2 